et w = -23 + 30. Calculate b(w).
3
Let g(x) be the third derivative of x**7/840 - x**5/120 - x**4/3 - 2*x**3 - 19*x**2. Let f(q) be the first derivative of g(q). Let w = 0 - 0. Determine f(w).
-8
Let a(l) = l**2 - l. Let g = 27 - 26. Let c be (-6 + 5)/(g + -2). What is a(c)?
0
Suppose -2*a = -9 - 1. Let c(u) = u**3 - 10*u**2 - 8*u + 13. Let s(q) = -2*q**2 - q + 2. Let h(r) = -c(r) + 3*s(r). Calculate h(a).
-7
Let q = 4 + 0. Let m(y) = 6*y**2 - 5*y - 6. Let d(k) = -5*k**2 + 4*k + 5. Let p(r) = q*m(r) + 5*d(r). Let z be -2 + 1 + 0 + -1. Determine p(z).
-3
Let j(l) = -2*l - 5. Let g be j(-3). Suppose -2*f + b = -g, 3*f + 4*b = -b + 21. Let r(z) = f - 2*z + 11*z**2 - 16*z**2 - z + z**3. Calculate r(5).
-13
Let p(g) = -1. Let n(d) = d + 2. Let y(k) = -3*n(k) - 5*p(k). What is y(-5)?
14
Let l(k) be the second derivative of k**3/3 - 17*k**2/2 + 6*k. Calculate l(12).
7
Let x be (4/6)/(8/12). Let h(v) = 174*v**2 + 1 - 173*v**2 + 4*v - 6*v. Determine h(x).
0
Let p(v) = -v + 6. Suppose n - 59 = 3*u - 57, -4*u - 6 = -2*n. What is p(n)?
1
Let i(x) be the second derivative of x**4/3 + x**3/3 + x**2/2 - 35*x + 3. What is i(-2)?
13
Let o(a) = -a**2 + a - 2. Let k(c) = -2*c**2 + c - 5. Let g(b) = 2*k(b) - 5*o(b). Let r be g(2). Let q = r - -3. Let f(s) = 8*s - 1. Calculate f(q).
7
Let a(m) be the third derivative of m**9/60480 - m**8/2880 + m**7/1008 + m**6/120 + 7*m**5/15 + 16*m**2. Let l(w) be the third derivative of a(w). What is l(6)?
0
Let l = -9 + 8. Let p = 12 - 9. Let g(t) = 2*t - p*t + 2*t**2 - 4 + 3. Determine g(l).
2
Let g(z) = -3*z - 53. Let d(c) = c + 14. Let j(o) = -22*d(o) - 6*g(o). What is j(7)?
-18
Suppose -3*d = 0, 5*d = -2*v + v - 5. Let m(g) be the first derivative of g**4/4 + 2*g**3 + 7*g**2/2 + 6*g + 11. Calculate m(v).
-4
Let t(k) = k**2 - 5 + 10*k - 2*k + 0*k - 2*k. Suppose 0*x - 5*x + 20 = 0. Suppose 5 = -x*v - 15. Calculate t(v).
-10
Let o(j) = 39 - 3*j**2 - 4*j - 8 - 17 - 15. Give o(-4).
-33
Suppose 0 = 31*s - 33*s + 10. Let o(q) = -4*q**3 + 6*q**2 - 10*q + 3. Let i(d) = -5*d**3 + 6*d**2 - 11*d + 4. Let b(m) = 3*i(m) - 4*o(m). Give b(s).
10
Let a(q) = 2*q**3 + 5*q**2 - 3*q + 1. Let w(v) = -2*v**3 + 13*v**2 + 5*v + 10. Let x be w(7). Give a(x).
-35
Let t(o) = o**3 - o**2. Let w(n) = -4*n**3 - 4*n**2 - 2*n + 1. Suppose 5*y + 3*p = 4*y - 2, -4*y - 5*p + 6 = 0. Let i(r) = y*t(r) - w(r). Give i(1).
9
Let n = 4 + 8. Let w(d) = n - 18 - 3*d + 2*d. Determine w(-4).
-2
Let s(q) = q**2 - 9*q + 15. Suppose -4*a - 2*f + 30 = 0, 4*f + 48 = 5*a - 22. Give s(a).
25
Let w = 9 - 9. Suppose 15 = -3*k + 3, w = 3*q + k + 13. Let s be q*(1 - (-16)/(-12)). Let d(j) = -6*j + 1. Calculate d(s).
-5
Let l(m) be the second derivative of -m**3/6 + m**2/2 + 45*m. Suppose -8 = -8*c + 24. What is l(c)?
-3
Let f = 487 - 223. Let r(u) = 270*u**2 + 2*u - f*u**2 + u + 3. Calculate r(-2).
21
Let f(u) = 3*u**2 + u. Let g(s) = -8*s**2 - 21*s - 25. Let a(j) = -3*f(j) - g(j). What is a(19)?
6
Let h(g) = -g**3 + 7*g**2 - 5*g + 5. Let y(m) = m. Let i(z) = h(z) - 3*y(z). Let n be 1*(2688/36 - 4/6). Let c = n + -68. Give i(c).
-7
Let c(a) = a**3 + 8*a**2 + 9*a + 6. Let o be 7*3/(-3)*(-20)/(-20). Give c(o).
-8
Suppose -s + 4 - 9 = -5*c, -2*c - 20 = 4*s. Let b(j) = -j**3 + j**2 + 12. Calculate b(c).
12
Let r(h) = -3*h - 1. Let y(c) = 2*c + 1. Let q(i) = -3*r(i) - 4*y(i). Let b be (-1)/(-3) - (-14)/3. Let d(x) = -2*x + 5. Let s be d(b). What is q(s)?
-6
Suppose -135 = 9*x + 6*x. Let f(i) = i**3 + 10*i**2 + 9*i - 6. Determine f(x).
-6
Let t(d) = d**2 + 9*d + 27. Suppose 22*o - 11*o = -55. What is t(o)?
7
Let l(y) be the third derivative of -y**4/24 - y**3/3 - 71*y**2. Suppose -q + 2 = -0. Let h be l(q). Let c(a) = a**2 + 4*a - 1. What is c(h)?
-1
Let b(l) = -l + 3. Let o(x) be the second derivative of x**2 - 20*x. Let m(z) = 3*b(z) - 5*o(z). Determine m(-2).
5
Let i(q) = -13*q**2 - 1 + 14*q**2 - 2*q**2 - 8*q. Determine i(-9).
-10
Let a(o) = 5*o**3 - 21*o**2 - 6*o - 19. Let q(v) = 3*v**3 - 11*v**2 - 2*v - 10. Let s(u) = 4*a(u) - 7*q(u). Give s(-6).
18
Let i be (-2)/((-4)/(-28)*-1). Let u = i - 11. Suppose -5*t = u*m - 29, -t + 7 = 2*m - 3. Let v(w) = -w**3 + 2*w**2 + 2*w. What is v(m)?
-3
Let s(f) = f + 11. Let c(x) = x**2 + 14*x - 72. Let i be c(-18). Suppose 2*k + 1 = 7. Suppose i = -h + k*h + 14. What is s(h)?
4
Let m be 36/24*(-6)/9. Let k(s) = -6*s - 1. Determine k(m).
5
Let w(g) = g**2 - 16*g - 6. Let x be (-286)/(-18) - ((-30)/27 + 1). Determine w(x).
-6
Let j(s) = -s**3 + 6*s**2 - 7*s + 9. Let b = -127 - -132. Let f be j(b). Let g(q) = -12*q. Give g(f).
12
Let i(z) be the first derivative of -z**4/4 + 7*z**3/3 - 3*z**2 + 8*z + 5. Determine i(6).
8
Let p(r) be the first derivative of -r**4/4 - 2*r**3 - r**2 + 12*r + 520. Give p(-5).
-3
Let c(r) = -16*r**2 + 2*r - 2. Let l(z) = 33*z**2 - 4*z + 5. Let j(b) = 7*c(b) + 3*l(b). Calculate j(-1).
-14
Let q(z) be the second derivative of -1/12*z**4 + 2*z**2 + 17*z + 0 - 2/3*z**3. Calculate q(-4).
4
Let g = 81 - 79. Let o(a) = -6*a + 2 - a**g + 8 - 4 + 1. Calculate o(-7).
0
Let s(q) = -3*q + 1. Let k be (24/2*360/27)/(-1). Let w be ((k/15)/8)/((-4)/6). Calculate s(w).
-5
Suppose 2*m - 6*m = -12. Let r(v) = 2*v**3 + 62*v - 3 + 3*v**2 - 31*v - 3*v**3 + 0 - 30*v. Give r(m).
0
Let f(y) = y**3 + 14*y**2 + 24*y + 10. Suppose -2*d + o = 28, d + 0*d - 3*o + 24 = 0. Determine f(d).
10
Let a(s) = -s**3 + 5*s**2 - s + 5. Let l be a(5). Let x(w) = 13*w - 7. Let k(m) = -15*m + 7. Let b(g) = -6*k(g) - 7*x(g). Determine b(l).
7
Let j(d) = 259110*d**2 + 1 + 8*d - 259111*d**2 + 0. Calculate j(9).
-8
Suppose -k + 11 = 2. Let a(x) = -5*x - 92. Let c(i) = -4*i - 78. Let l(v) = -5*a(v) + 6*c(v). Determine l(k).
1
Let w(t) be the first derivative of -t**2/2 + 17*t + 79. Determine w(13).
4
Suppose -3*n = n - 2*a + 4, 0 = n + 2*a - 4. Let m(z) be the third derivative of 1/60*z**5 + 0 - 5*z**2 + 0*z + n*z**3 + 1/6*z**4. Give m(-5).
5
Let w(x) = x - 24. Let d(n) = n**3 + 2*n**2 - 21*n - 14. Let q be d(-5). Determine w(q).
-8
Let u(v) = 6*v**2 + 7 + 0 - 1 + 14*v + v**3 - 7*v. What is u(-5)?
-4
Suppose -4*j = -5*a + 36 - 0, -a - 2*j - 4 = 0. Let d(y) = -2*y + 3. Determine d(a).
-5
Let b(f) = -2*f**3 - 10*f**2 + 9*f + 4. Let a(h) = -3*h**3 - 19*h**2 + 15*h + 9. Let q(d) = -3*a(d) + 5*b(d). Calculate q(5).
43
Let a(n) = -2*n. Let k(q) = -q + 1. Let m(d) = -d - 18. Let j be m(-13). Let g be k(j). Let p be (4/(-10))/(g/(-30)). What is a(p)?
-4
Let c(y) be the second derivative of -2*y**4/3 + y**3/3 - y**2/2 + 2*y - 84. Let u(a) = a**2 + 4*a + 1. Let o be u(-4). What is c(o)?
-7
Let n(l) = -l. Let z(s) = s + 5. Let t(k) = -n(k) + z(k). Calculate t(-6).
-7
Let x(u) = -7*u**3 + 8*u**2 + 6*u - 12. Let d(f) = -20*f**3 + 22*f**2 + 18*f - 35. Let j(g) = 6*d(g) - 17*x(g). What is j(-6)?
30
Let p(w) = 3 + w - 4314*w**3 - w - 4 + 4316*w**3. What is p(-2)?
-17
Suppose -5*b - 24 = 2*q - 68, -5*b - 3*q = -46. Let s(u) = -1 + 9*u**2 + 15*u**2 - 25*u**2 + b*u. Give s(7).
6
Let j(n) = -n**3 + 6*n**2 + 4*n - 1. Let a(f) = f**3 - 5*f**2 - 3*f + 1. Let t be 1*10/(4 - 6). Let o(l) = t*a(l) - 4*j(l). What is o(2)?
-7
Let t be (-12)/(-4) - (-4 + -7). Let m(h) = -h + 12. Let b be m(9). Suppose 2*p - 2*k + t = b*k, -4*k = -p - 10. Let x(j) = j**3 + 3*j**2 + j - 1. Give x(p).
1
Let a(f) = f**3 + 11*f**2 + 8*f - 9. Let y(t) = -t**2 - t + 2. Let b(v) = -a(v) - 6*y(v). What is b(-2)?
-11
Suppose 11*f - 38 - 17 = 0. Let w(h) = -f*h + 0*h - 5*h**2 - 2*h**2 - h**3 + 3. Give w(-6).
-3
Let m(j) be the third derivative of -j**6/120 + j**5/6 - j**4/24 - 5*j**3/6 + 2*j**2 + 6. Determine m(10).
-15
Let l be (-33)/12 + (-1)/4*1. Let a(w) = -4*w - 2. Let d(p) = 5*p + 3. Let u(g) = l*d(g) - 4*a(g). Determine u(5).
4
Let a(y) = -8*y**2 + 9*y + y**3 + 0 + 4 - 4 - 2. Calculate a(6).
-20
Let j(y) = -5 - 7 - 8*y + y**3 + 0*y + 8*y**2. Determine j(-9).
-21
Let z(m) = 4 - 912546*m - 8 + 912547*m. Let x(i) = -i + 2. Let t be x(0). Determine z(t).
-2
Let w(u) be the second derivative of u**3/3 - u + 27. Calculate w(1).
2
Let u(y) = y**3. Let d(z) = -26*z**3 + z**2 - 2*z - 1. Let g be d(-1). Suppose 0 = 5*p + 5*x + 155, 0*p + 96 = -3*p - 4*x. Let w = p + g. Determine u(w).
0
Let j(s) = 4*s + 0*s - 23 - 6*s. Let q be j(-15). Let y(r) = -r + 2. What is y(q)?
-5
Let d be -6*2/(-30)*5. Let m be (4/(3 + -1))/d. Le